e 5?
12430004
-3316765 (base 9) to base 13
-4a5763
2651155 (base 7) to base 15
6d437
Convert -1209648 (base 10) to base 11.
-756910
What is -ab838 (base 13) in base 15?
-62301
Convert 754589 (base 10) to base 13.
205604
What is -332221021 (base 4) in base 6?
-5255521
Convert -11196705 (base 10) to base 12.
-38bb6a9
Convert -141310655 (base 7) to base 3.
-122100220212122
Convert -2103404 (base 6) to base 10.
-101884
-346533 (base 10) to base 6
-11232153
What is 44a9b (base 14) in base 2?
101000101101010001
Convert 112103323 (base 4) to base 14.
25439
14654 (base 9) to base 8
23434
What is -2b0a0 (base 14) in base 2?
-11010001010010100
What is -111324 (base 9) in base 13?
-24415
-3613475 (base 10) to base 2
-1101110010001100100011
-415126 (base 7) to base 6
-1310341
Convert -18a670 (base 13) to base 3.
-1011122101202
-221111122222 (base 3) to base 4
-1322210111
What is -22571a (base 12) in base 9?
-1025734
24774 (base 12) to base 5
3040410
52433 (base 8) to base 5
1144122
-1464603 (base 7) to base 10
-200952
What is -1302110 (base 4) in base 11?
-5551
32131110233 (base 4) to base 7
44133635
4106060 (base 8) to base 15
1664c9
What is 2231242032 (base 5) in base 9?
10268310
-6449947 (base 10) to base 5
-3122344242
What is -102521101 (base 6) in base 13?
-4b6c79
14241a0 (base 11) to base 15
336187
-100110001101010100001 (base 2) to base 12
-504655
What is -34148 (base 12) in base 14?
-1b396
What is 35605 (base 12) in base 16?
11825
Convert -1461220 (base 9) to base 16.
-c53e8
Convert -58a6 (base 14) to base 10.
-15434
Convert 20340144 (base 5) to base 3.
22112200200
10020101110 (base 3) to base 11
43954
Convert -2210222220 (base 3) to base 7.
-320343
Convert -33411430 (base 8) to base 14.
-d5ad4c
-12a111 (base 14) to base 5
-131023212
What is 13d1eb (base 16) in base 6?
43501311
133103310233 (base 4) to base 14
11391b9
What is 50206464 (base 8) in base 12?
3650044
Convert -7a007 (base 14) to base 11.
-192728
Convert -62245 (base 8) to base 10.
-25765
133101000023 (base 4) to base 15
abd722
What is 2130d9 (base 16) in base 9?
4074721
Convert -2fe33d (base 16) to base 7.
-35450516
437561 (base 8) to base 5
14203223
Convert -2001001020122 (base 3) to base 13.
-2bc211
Convert 6000579 (base 10) to base 5.
3014004304
What is -67221 (base 9) in base 15?
-d36a
Convert -3714b (base 16) to base 10.
-225611
What is 343313134 (base 5) in base 4?
11320120211
-102202000122 (base 3) to base 8
-703306
-10031020203 (base 4) to base 12
-451b43
Convert 2112021201120 (base 3) to base 14.
26db75
What is -8948d (base 14) in base 5?
-41123213
Convert -322015544 (base 6) to base 3.
-101201022112201
Convert -97dc (base 16) to base 5.
-2221001
Convert 12504043 (base 7) to base 6.
40305331
-75528 (base 15) to base 3
-200220212002
Convert 102345663 (base 8) to base 7.
301026542
What is -107323 (base 10) in base 6?
-2144511
What is 1e4d99 (base 15) in base 2?
101101010011110010110
What is 37990 (base 12) in base 4?
102132330
What is -1310444144 (base 5) in base 9?
-6045164
What is 30231332 (base 4) in base 11?
36159
-2174327 (base 11) to base 14
-7134c8
-94c1 (base 16) to base 13
-14444
-5268087 (base 9) to base 5
-1210224310
What is -3763772 (base 8) in base 14?
-1d1c70
What is 10d7d (base 15) in base 13?
1b574
Convert 1ab9db5 (base 14) to base 16.
cbd2bb
-12211012122 (base 3) to base 15
-23e55
Convert 131422 (base 16) to base 13.
34a15b
Convert -130012331 (base 4) to base 12.
-56765
Convert 334344 (base 8) to base 2.
11011100011100100
242113410 (base 5) to base 2
100010011101100001110
What is 643929 (base 11) in base 6?
34024235
Convert 111201202012 (base 3) to base 12.
1104ab
100000101100011011000 (base 2) to base 7
12051245
7235a9 (base 11) to base 8
4334214
-35981 (base 14) to base 15
-28b80
-164023 (base 8) to base 15
-1290b
-1049662 (base 10) to base 11
-657699
Convert -3043314044 (base 5) to base 11.
-3575167
Convert -2886167 (base 11) to base 3.
-100022211111121
Convert -332535203 (base 6) to base 9.
-12278223
What is 787466 (base 9) in base 15?
949b3
What is -25e85 (base 15) in base 11?
-83234
-3241403 (base 5) to base 8
-155055
Convert 127154 (base 8) to base 15.
d36c
What is 88b96a (base 13) in base 14?
5dd212
What is -110101122 (base 3) in base 2?
-10001101001011
45330050 (base 6) to base 5
323132040
What is 4119aa (base 15) in base 10?
3093685
Convert -31be (base 16) to base 3.
-122110122
What is 104264 (base 8) in base 7?
204013
What is -18dac (base 16) in base 13?
-37451
Convert 5b63 (base 15) to base 9.
28603
What is -100200112 (base 4) in base 15?
-15071
What is -5984 (base 16) in base 11?
-16243
What is -11110010011010110101100 (base 2) in base 11?
-4536161
30332121 (base 6) to base 14
188209
555144 (base 7) to base 6
2032540
What is -b760c4 (base 14) in base 2?
-10111101010000100001100
Convert 4850841 (base 10) to base 13.
100ac28
784b21 (base 12) to base 13
521287
What is -10232110300 (base 4) in base 13?
-344845
What is d0189 (base 16) in base 14?
1828ad
What is -1024244302 (base 5) in base 12?
-89232a
-10111011001010001 (base 2) to base 9
-155402
Convert 676b4a (base 14) to base 16.
35a0ae
Convert 3466420 (base 10) to base 16.
34e4b4
What is 35b5e (base 16) in base 3?
102011210002
Convert -23aae (base 15) to base 3.
-12210002102
What is -ac42 (base 14) in base 13?
-10782
What is -a834cc (base 16) in base 8?
-52032314
Convert -34c (base 14) to base 7.
-1625
-212021211220 (base 3) to base 7
-3616350
What is -201201 (base 7) in base 16?
-8508
Convert -2349 (base 14) to base 9.
-8373
What is -344033 (base 7) in base 12?
-2b665
Convert -117230 (base 8) to base 16.
-9e98
What is 26ad45 (base 16) in base 12?
a22a31
Convert -10111101011110111100 (base 2) to base 15.
-104e69
What is 74228 (base 12) in base 14?
3d768
What is 11a3292 (base 11) in base 9?
3824742
What is 459329 (base 11) in base 5?
141323112
Convert -1544632 (base 12) to base 13.
-b83961
-1828021 (base 9) to base 2
-11111001101101010110
-2154735 (base 9) to base 13
-317273
What is 1189054 (base 11) in base 12?
8351aa
-11011112000 (base 3) to base 15
-19486
-c32a (base 13) to base 11
-19241
What is -2eac5 (base 15) in base 14?
-3d011
-39123 (base 11) to base 16
-daf0
What is -42431304 (base 6) in base 10?
-1248376
Convert -52521606 (base 7) to base 4.
-100330211331
-256767 (base 9) to base 4
-212010001
14463520 (base 7) to base 3
2120221222021
What is b9b50 (base 15) in base 9?
1088043
Convert -20441140 (base 5) to base 13.
-60042
Convert 34a313 (base 11) to base 13.
165a55
What is -15292 (base 11) in base 3?
-1002200110
Convert 13723a (base 14) to base 12.
285384
Convert -12650153 (base 7) to base 13.
-320477
Convert 22011102110 (base 3) to base 7.
1236324
-10212200222212 (base 3) to base 15
-2aa96e
Convert cbfc89 (base 16) to base 15.
1291057
What is 400548 (base 10) in base 16?
61ca4
-bc66 (base 14) to base 10
-32626
Convert -1234441 (base 6) to base 11.
-46487
-48227 (base 10) to base 2
-1011110001100011
Convert 4113341 (base 5) to base 16.
104a1
Convert 227229 (base 11) to base 8.
1301016
What is -4e06b (base 15) in base 4?
-330333323
What is 2347254 (base 8) in base 6?
21435340
What is -30923 (base 13) in base 6?
-1511505
What is 23024150 (base 6) in base 8?
2535602
-37113 (base 12) to base 6
-1332423
What is 120001220220012 (base 3) in base 15?
a83282
644761 (base 9) to base 12
166324
What is -599924 (base 12) in base 2?
-101100001011011101100
-1705845 (base 9) to base 7
-11032052
What is -1443124 (base 7) in base 15?
-3ce37
Convert cc781c (base 15) to base 9.
20303220
Convert 45713455 (base 8) to base 5.
10020402022
10131322301 (base 4) to base 7
12645230
-18761702 (base 9) to base 6
-535212132
Convert -28330a2 (base 11) to base 15.
-665bdd
What is -2b8170 (base 13) in base 4?
-10012112201
What is -165165 (base 8) in base 4?
-32221311
3a37b5 (base 12) to base 9
1723112
-5955a (base 16) to base 6
-11502014
1101011100001000111000 (base 2) to base 10
3523128
What is 11220022011 (base 3) in base 5?
11041243
-1121012222210 (base 3) to base 9
-1535883
Convert 12854 (base 12) to base 13.
b746
Convert 112220221121 (base 3) to base 16.
47b75
What is 252354 (base 8) in base 5?
10243101
Convert 1d71ae (base 15) to base 8.
5377352
-29420 (base 12) to base 13
-202c8
-120033221 (base 4) to base 8
-301